{"id":798,"date":"2023-12-27T12:59:47","date_gmt":"2023-12-27T12:59:47","guid":{"rendered":"http:\/\/fiskoli.fi\/Bistroverde\/?page_id=798"},"modified":"2026-05-13T09:51:29","modified_gmt":"2026-05-13T09:51:29","slug":"kylatori","status":"publish","type":"page","link":"https:\/\/fiskoli.fi\/Bistroverde\/kylatori\/","title":{"rendered":"Wanha Kyl\u00e4tori"},"content":{"rendered":"\n<figure data-wp-context=\"{&quot;imageId&quot;:&quot;6a096d6e922ba&quot;}\" data-wp-interactive=\"core\/image\" data-wp-key=\"6a096d6e922ba\" class=\"wp-block-image size-full is-resized wp-lightbox-container\"><img loading=\"lazy\" decoding=\"async\" width=\"594\" height=\"192\" data-wp-class--hide=\"state.isContentHidden\" data-wp-class--show=\"state.isContentVisible\" data-wp-init=\"callbacks.setButtonStyles\" data-wp-on--click=\"actions.showLightbox\" data-wp-on--load=\"callbacks.setButtonStyles\" data-wp-on-window--resize=\"callbacks.setButtonStyles\" src=\"http:\/\/fiskoli.fi\/wp-content\/uploads\/2024\/02\/423903835_436558592142388_4436591312778138535_n-1.jpg\" alt=\"\" class=\"wp-image-835\" style=\"width:671px;height:auto\" srcset=\"https:\/\/fiskoli.fi\/wp-content\/uploads\/2024\/02\/423903835_436558592142388_4436591312778138535_n-1.jpg 594w, https:\/\/fiskoli.fi\/wp-content\/uploads\/2024\/02\/423903835_436558592142388_4436591312778138535_n-1-300x97.jpg 300w\" sizes=\"auto, (max-width: 594px) 100vw, 594px\" \/><button\n\t\t\tclass=\"lightbox-trigger\"\n\t\t\ttype=\"button\"\n\t\t\taria-haspopup=\"dialog\"\n\t\t\taria-label=\"Suurenna\"\n\t\t\tdata-wp-init=\"callbacks.initTriggerButton\"\n\t\t\tdata-wp-on--click=\"actions.showLightbox\"\n\t\t\tdata-wp-style--right=\"state.imageButtonRight\"\n\t\t\tdata-wp-style--top=\"state.imageButtonTop\"\n\t\t>\n\t\t\t<svg xmlns=\"http:\/\/www.w3.org\/2000\/svg\" width=\"12\" height=\"12\" fill=\"none\" viewBox=\"0 0 12 12\">\n\t\t\t\t<path fill=\"#fff\" d=\"M2 0a2 2 0 0 0-2 2v2h1.5V2a.5.5 0 0 1 .5-.5h2V0H2Zm2 10.5H2a.5.5 0 0 1-.5-.5V8H0v2a2 2 0 0 0 2 2h2v-1.5ZM8 12v-1.5h2a.5.5 0 0 0 .5-.5V8H12v2a2 2 0 0 1-2 2H8Zm2-12a2 2 0 0 1 2 2v2h-1.5V2a.5.5 0 0 0-.5-.5H8V0h2Z\" \/>\n\t\t\t<\/svg>\n\t\t<\/button><\/figure>\n\n\n\n<p><strong>El\u00e4v\u00e4\u00e4 perinnett\u00e4 Kivimaalla<\/strong><\/p>\n\n\n\n<figure class=\"wp-block-image size-large is-resized\"><img loading=\"lazy\" decoding=\"async\" width=\"664\" height=\"1024\" src=\"https:\/\/fiskoli.fi\/wp-content\/uploads\/2026\/05\/a016d5a0-bde1-48ae-9045-377a4f2c7b68-664x1024.jpeg\" alt=\"\" class=\"wp-image-1708\" style=\"aspect-ratio:0.6488567990373044;width:513px;height:auto\" srcset=\"https:\/\/fiskoli.fi\/wp-content\/uploads\/2026\/05\/a016d5a0-bde1-48ae-9045-377a4f2c7b68-664x1024.jpeg 664w, https:\/\/fiskoli.fi\/wp-content\/uploads\/2026\/05\/a016d5a0-bde1-48ae-9045-377a4f2c7b68-195x300.jpeg 195w, https:\/\/fiskoli.fi\/wp-content\/uploads\/2026\/05\/a016d5a0-bde1-48ae-9045-377a4f2c7b68-768x1184.jpeg 768w, https:\/\/fiskoli.fi\/wp-content\/uploads\/2026\/05\/a016d5a0-bde1-48ae-9045-377a4f2c7b68.jpeg 850w\" sizes=\"auto, (max-width: 664px) 100vw, 664px\" \/><\/figure>\n\n\n\n<p><br>Varaa myyntipaikkasi 040 5897 149<\/p>\n\n\n\n<p>V\u00e4h\u00e4maan sis\u00e4pihan pihapiiri Kivimaalla on osa Kustavin vanhinta keskustaa. Pihan l\u00e4pi kulkenut kyl\u00e4tie on kautta aikojen tuonut kyl\u00e4\u00e4n ja pihapiiriin el\u00e4m\u00e4\u00e4, palveluita ja tapahtumia ja my\u00f6s torikauppiaat.<\/p>\n\n\n\n<div class=\"wp-block-group is-nowrap is-layout-flex wp-container-core-group-is-layout-ad2f72ca wp-block-group-is-layout-flex\">\n<figure class=\"wp-block-image size-large is-resized\"><img loading=\"lazy\" decoding=\"async\" width=\"768\" height=\"1024\" src=\"https:\/\/fiskoli.fi\/wp-content\/uploads\/2024\/09\/IMG_2061-768x1024.jpeg\" alt=\"\" class=\"wp-image-1103\" style=\"width:315px;height:auto\" srcset=\"https:\/\/fiskoli.fi\/wp-content\/uploads\/2024\/09\/IMG_2061-768x1024.jpeg 768w, https:\/\/fiskoli.fi\/wp-content\/uploads\/2024\/09\/IMG_2061-225x300.jpeg 225w, https:\/\/fiskoli.fi\/wp-content\/uploads\/2024\/09\/IMG_2061-1152x1536.jpeg 1152w, https:\/\/fiskoli.fi\/wp-content\/uploads\/2024\/09\/IMG_2061-1536x2048.jpeg 1536w, https:\/\/fiskoli.fi\/wp-content\/uploads\/2024\/09\/IMG_2061-scaled.jpeg 1920w\" sizes=\"auto, (max-width: 706px) 89vw, (max-width: 767px) 82vw, 740px\" \/><\/figure>\n\n\n\n<figure class=\"wp-block-image size-full is-resized\"><img loading=\"lazy\" decoding=\"async\" width=\"2131\" height=\"2560\" src=\"https:\/\/fiskoli.fi\/wp-content\/uploads\/2024\/09\/IMG_0665-scaled.jpeg\" alt=\"\" class=\"wp-image-1104\" style=\"width:347px;height:auto\" srcset=\"https:\/\/fiskoli.fi\/wp-content\/uploads\/2024\/09\/IMG_0665-scaled.jpeg 2131w, https:\/\/fiskoli.fi\/wp-content\/uploads\/2024\/09\/IMG_0665-250x300.jpeg 250w, https:\/\/fiskoli.fi\/wp-content\/uploads\/2024\/09\/IMG_0665-852x1024.jpeg 852w, https:\/\/fiskoli.fi\/wp-content\/uploads\/2024\/09\/IMG_0665-768x923.jpeg 768w, https:\/\/fiskoli.fi\/wp-content\/uploads\/2024\/09\/IMG_0665-1279x1536.jpeg 1279w, https:\/\/fiskoli.fi\/wp-content\/uploads\/2024\/09\/IMG_0665-1705x2048.jpeg 1705w\" sizes=\"auto, (max-width: 706px) 89vw, (max-width: 767px) 82vw, 740px\" \/><\/figure>\n<\/div>\n\n\n\n<p><\/p>\n\n\n\n<p><strong>Viihtyis\u00e4 Wanha Kyl\u00e4tori<br><\/strong><br>Kyl\u00e4torin viihtyis\u00e4 ymp\u00e4rist\u00f6 houkuttelee viipyilem\u00e4\u00e4n, tutustumaan ja nauttimaan tapahtumista sek\u00e4 palveluista tai vaikkapa vain kes\u00e4p\u00e4iv\u00e4st\u00e4 ja tuttujen seurasta.&nbsp;<br><br><strong>Tunnelmallinen tapahtumapaikka<\/strong><br><br>Suojaisalla sis\u00e4pihalla on mahdollista j\u00e4rjest\u00e4\u00e4 erilaisia tapahtumia my\u00f6s suuremmalle yleis\u00f6lle. Miten olisi vaikkapa huutokauppa tai musiikkitapahtuma k\u00e4sity\u00f6l\u00e4istapahtumia unohtamatta? Kyl\u00e4torilla on my\u00f6s taiden\u00e4yttelytila.<\/p>\n\n\n\n<div class=\"wp-block-group is-vertical is-layout-flex wp-container-core-group-is-layout-8cf370e7 wp-block-group-is-layout-flex\">\n<figure class=\"wp-block-image size-large is-resized\"><img loading=\"lazy\" decoding=\"async\" width=\"768\" height=\"1024\" src=\"https:\/\/fiskoli.fi\/wp-content\/uploads\/2024\/09\/IMG_0631-768x1024.jpeg\" alt=\"\" class=\"wp-image-1106\" style=\"width:482px;height:auto\" srcset=\"https:\/\/fiskoli.fi\/wp-content\/uploads\/2024\/09\/IMG_0631-768x1024.jpeg 768w, https:\/\/fiskoli.fi\/wp-content\/uploads\/2024\/09\/IMG_0631-225x300.jpeg 225w, https:\/\/fiskoli.fi\/wp-content\/uploads\/2024\/09\/IMG_0631-1152x1536.jpeg 1152w, https:\/\/fiskoli.fi\/wp-content\/uploads\/2024\/09\/IMG_0631-1536x2048.jpeg 1536w, https:\/\/fiskoli.fi\/wp-content\/uploads\/2024\/09\/IMG_0631-scaled.jpeg 1920w\" sizes=\"auto, (max-width: 706px) 89vw, (max-width: 767px) 82vw, 740px\" \/><\/figure>\n<\/div>\n\n\n\n<p><\/p>\n\n\n\n<p>Kyl\u00e4torin osoite on V\u00e4h\u00e4maankuja 2. <\/p>\n\n\n\n<p><strong>Kyl\u00e4torin myyntipaikkojen hinnoittelu <br><\/strong><br>P\u00e4iv\u00e4maksu p\u00f6yt\u00e4 10 \u20ac<br>P\u00e4iv\u00e4maksu teltta 20 \u20ac<br>Kysy my\u00f6s kausipaikkaa koko kes\u00e4ksi!<\/p>\n\n\n\n<p><strong>Gallerian hinnat:<br><\/strong>Pienempi 40 eur\/vko\/hl\u00f6<br>Isompi 50 eur\/vko\/hl\u00f6<br><br>S\u00e4hk\u00f6t sis\u00e4ltyv\u00e4t hintaan pl. kylm\u00e4- ja l\u00e4mp\u00f6kalusteet, joiden s\u00e4hk\u00f6nkulutus on suurta. N\u00e4iden osalta s\u00e4hk\u00f6nkulutus maksu on: 30 \u20ac \/ kausi \/ torimyyj\u00e4, 10 \u20ac \/ kk \/ torimyyj\u00e4, 5 \u20ac \/ krt \/ torimyyj\u00e4 <br>Hinnat sis\u00e4lt\u00e4v\u00e4t 25,5 % alv. <br><br><strong>Varaa myyntipaikka<\/strong><\/p>\n\n\n\n<p>Ole yhteydess\u00e4 jos Kustavin Kyl\u00e4tori tapahtumapaikkana tai myyntipaikkana kiinnostaa. Torit tehd\u00e4\u00e4n aina yhdess\u00e4 \u2600\ufe0f\ud83d\ude0a<\/p>\n\n\n\n<p><strong>Ole yhteydess\u00e4  toritoimikuntaan<\/strong><\/p>\n\n\n\n<p>Kirsti Salminen 040 5897149<br>Sinikka Virtanen 040 8245172<br><br><\/p>\n\n\n\n<p><\/p>\n\n\n\n<figure class=\"wp-block-gallery has-nested-images columns-default is-cropped wp-block-gallery-1 is-layout-flex wp-block-gallery-is-layout-flex\">\n<figure class=\"wp-block-image size-large\"><img loading=\"lazy\" decoding=\"async\" width=\"348\" height=\"327\" data-id=\"850\" src=\"http:\/\/fiskoli.fi\/wp-content\/uploads\/2024\/02\/423904115_203072876197371_8549040869139823218_n.jpg\" alt=\"\" class=\"wp-image-850\" srcset=\"https:\/\/fiskoli.fi\/wp-content\/uploads\/2024\/02\/423904115_203072876197371_8549040869139823218_n.jpg 348w, https:\/\/fiskoli.fi\/wp-content\/uploads\/2024\/02\/423904115_203072876197371_8549040869139823218_n-300x282.jpg 300w\" sizes=\"auto, (max-width: 348px) 100vw, 348px\" \/><\/figure>\n\n\n\n<figure class=\"wp-block-image size-large\"><img loading=\"lazy\" decoding=\"async\" width=\"993\" height=\"1024\" data-id=\"853\" src=\"http:\/\/fiskoli.fi\/wp-content\/uploads\/2024\/02\/4AF9F0B7-FEC0-4BC4-9B50-9C1D02F08BE8_Original-993x1024.jpg\" alt=\"\" class=\"wp-image-853\" srcset=\"https:\/\/fiskoli.fi\/wp-content\/uploads\/2024\/02\/4AF9F0B7-FEC0-4BC4-9B50-9C1D02F08BE8_Original-993x1024.jpg 993w, https:\/\/fiskoli.fi\/wp-content\/uploads\/2024\/02\/4AF9F0B7-FEC0-4BC4-9B50-9C1D02F08BE8_Original-291x300.jpg 291w, https:\/\/fiskoli.fi\/wp-content\/uploads\/2024\/02\/4AF9F0B7-FEC0-4BC4-9B50-9C1D02F08BE8_Original-768x792.jpg 768w, https:\/\/fiskoli.fi\/wp-content\/uploads\/2024\/02\/4AF9F0B7-FEC0-4BC4-9B50-9C1D02F08BE8_Original-1490x1536.jpg 1490w, https:\/\/fiskoli.fi\/wp-content\/uploads\/2024\/02\/4AF9F0B7-FEC0-4BC4-9B50-9C1D02F08BE8_Original-1987x2048.jpg 1987w\" sizes=\"auto, (max-width: 706px) 89vw, (max-width: 767px) 82vw, 740px\" \/><\/figure>\n\n\n\n<figure class=\"wp-block-image size-large\"><img loading=\"lazy\" decoding=\"async\" width=\"804\" height=\"1024\" data-id=\"1107\" src=\"https:\/\/fiskoli.fi\/wp-content\/uploads\/2024\/09\/IMG_0765-804x1024.jpeg\" alt=\"\" class=\"wp-image-1107\" srcset=\"https:\/\/fiskoli.fi\/wp-content\/uploads\/2024\/09\/IMG_0765-804x1024.jpeg 804w, https:\/\/fiskoli.fi\/wp-content\/uploads\/2024\/09\/IMG_0765-236x300.jpeg 236w, https:\/\/fiskoli.fi\/wp-content\/uploads\/2024\/09\/IMG_0765-768x978.jpeg 768w, https:\/\/fiskoli.fi\/wp-content\/uploads\/2024\/09\/IMG_0765-1207x1536.jpeg 1207w, https:\/\/fiskoli.fi\/wp-content\/uploads\/2024\/09\/IMG_0765-1609x2048.jpeg 1609w, https:\/\/fiskoli.fi\/wp-content\/uploads\/2024\/09\/IMG_0765-scaled.jpeg 2011w\" sizes=\"auto, (max-width: 706px) 89vw, (max-width: 767px) 82vw, 740px\" \/><\/figure>\n<\/figure>\n","protected":false},"excerpt":{"rendered":"<p>El\u00e4v\u00e4\u00e4 perinnett\u00e4 Kivimaalla Varaa myyntipaikkasi 040 5897 149 V\u00e4h\u00e4maan sis\u00e4pihan pihapiiri Kivimaalla on osa Kustavin vanhinta keskustaa. Pihan l\u00e4pi kulkenut kyl\u00e4tie on kautta aikojen tuonut kyl\u00e4\u00e4n ja pihapiiriin el\u00e4m\u00e4\u00e4, palveluita ja tapahtumia ja my\u00f6s torikauppiaat. Viihtyis\u00e4 Wanha Kyl\u00e4toriKyl\u00e4torin viihtyis\u00e4 ymp\u00e4rist\u00f6 houkuttelee viipyilem\u00e4\u00e4n, tutustumaan ja nauttimaan tapahtumista sek\u00e4 palveluista tai vaikkapa vain kes\u00e4p\u00e4iv\u00e4st\u00e4 ja tuttujen seurasta.&nbsp; &hellip; <\/p>\n<p class=\"link-more\"><a href=\"https:\/\/fiskoli.fi\/Bistroverde\/kylatori\/\" class=\"more-link\">Jatka lukemista<span class=\"screen-reader-text\"> &#8221;Wanha Kyl\u00e4tori&#8221;<\/span><\/a><\/p>\n","protected":false},"author":1,"featured_media":0,"parent":0,"menu_order":0,"comment_status":"closed","ping_status":"closed","template":"","meta":{"footnotes":""},"class_list":["post-798","page","type-page","status-publish","hentry"],"_links":{"self":[{"href":"https:\/\/fiskoli.fi\/Bistroverde\/wp-json\/wp\/v2\/pages\/798","targetHints":{"allow":["GET"]}}],"collection":[{"href":"https:\/\/fiskoli.fi\/Bistroverde\/wp-json\/wp\/v2\/pages"}],"about":[{"href":"https:\/\/fiskoli.fi\/Bistroverde\/wp-json\/wp\/v2\/types\/page"}],"author":[{"embeddable":true,"href":"https:\/\/fiskoli.fi\/Bistroverde\/wp-json\/wp\/v2\/users\/1"}],"replies":[{"embeddable":true,"href":"https:\/\/fiskoli.fi\/Bistroverde\/wp-json\/wp\/v2\/comments?post=798"}],"version-history":[{"count":48,"href":"https:\/\/fiskoli.fi\/Bistroverde\/wp-json\/wp\/v2\/pages\/798\/revisions"}],"predecessor-version":[{"id":1709,"href":"https:\/\/fiskoli.fi\/Bistroverde\/wp-json\/wp\/v2\/pages\/798\/revisions\/1709"}],"wp:attachment":[{"href":"https:\/\/fiskoli.fi\/Bistroverde\/wp-json\/wp\/v2\/media?parent=798"}],"curies":[{"name":"wp","href":"https:\/\/api.w.org\/{rel}","templated":true}]}}