{"id":439,"date":"2023-01-31T11:15:22","date_gmt":"2023-01-31T11:15:22","guid":{"rendered":"http:\/\/fiskoli.fi\/Bistroverde\/?page_id=439"},"modified":"2026-04-29T18:26:03","modified_gmt":"2026-04-29T18:26:03","slug":"yhteystiedot","status":"publish","type":"page","link":"https:\/\/fiskoli.fi\/Bistroverde\/yhteystiedot\/","title":{"rendered":"Yhteystiedot"},"content":{"rendered":"\n<p class=\"has-text-align-center\"><br>Bistro Verde on 1.5.-3.5 suljettu &#8211; toinen ravintolamme <a href=\"https:\/\/ainolakustavi.fi\/\">Ainola Kustavi <\/a>palvelee koko vapun osoitteessa Kivimaantie 24<br><\/p>\n\n\n\n<p class=\"has-text-align-center\"><strong>Toukokuu<br><\/strong>Bistro Verde palvelee Lauantaisin 12-19<br>ja \u00e4itienp\u00e4iv\u00e4n\u00e4 10.5 klo 12-17.<br>Keitti\u00f6 sulkeutuu 1\/2 tuntia ennen<\/p>\n\n\n\n<p class=\"has-text-align-center\">Kysy tapahtumasta, ryhm\u00e4tilauksesta tai varaa p\u00f6yt\u00e4<br>+35840 6832265<br>bistroverdekustavi@gmail.com<br><em>Kivimaantie 11<\/em>, <em>Kustavi<\/em><\/p>\n\n\n\n<div class=\"wp-block-group\"><div class=\"wp-block-group__inner-container is-layout-constrained wp-block-group-is-layout-constrained\">\n<figure class=\"wp-block-gallery has-nested-images columns-default is-cropped wp-block-gallery-1 is-layout-flex wp-block-gallery-is-layout-flex\">\n<figure class=\"wp-block-image size-large\"><img loading=\"lazy\" decoding=\"async\" width=\"768\" height=\"1024\" data-id=\"1110\" src=\"https:\/\/fiskoli.fi\/wp-content\/uploads\/2024\/09\/IMG_0828-768x1024.jpeg\" alt=\"\" class=\"wp-image-1110\" srcset=\"https:\/\/fiskoli.fi\/wp-content\/uploads\/2024\/09\/IMG_0828-768x1024.jpeg 768w, https:\/\/fiskoli.fi\/wp-content\/uploads\/2024\/09\/IMG_0828-225x300.jpeg 225w, https:\/\/fiskoli.fi\/wp-content\/uploads\/2024\/09\/IMG_0828-1152x1536.jpeg 1152w, https:\/\/fiskoli.fi\/wp-content\/uploads\/2024\/09\/IMG_0828-1536x2048.jpeg 1536w, https:\/\/fiskoli.fi\/wp-content\/uploads\/2024\/09\/IMG_0828-scaled.jpeg 1920w\" sizes=\"auto, (max-width: 706px) 89vw, (max-width: 767px) 82vw, 740px\" \/><\/figure>\n\n\n\n<figure class=\"wp-block-image size-large\"><img loading=\"lazy\" decoding=\"async\" width=\"1024\" height=\"480\" data-id=\"357\" src=\"http:\/\/fiskoli.fi\/wp-content\/uploads\/2022\/12\/318360185_864248218097207_6391738907002237336_n.jpg\" alt=\"\" class=\"wp-image-357\" srcset=\"https:\/\/fiskoli.fi\/wp-content\/uploads\/2022\/12\/318360185_864248218097207_6391738907002237336_n.jpg 1024w, https:\/\/fiskoli.fi\/wp-content\/uploads\/2022\/12\/318360185_864248218097207_6391738907002237336_n-300x141.jpg 300w, https:\/\/fiskoli.fi\/wp-content\/uploads\/2022\/12\/318360185_864248218097207_6391738907002237336_n-768x360.jpg 768w\" sizes=\"auto, (max-width: 706px) 89vw, (max-width: 767px) 82vw, 740px\" \/><\/figure>\n<\/figure>\n<\/div><\/div>\n\n\n\n<p class=\"has-text-align-right\"><em>Y-2977815-8<br>Fiskoli Ay<\/em><\/p>\n\n\n<div class=\"wp-block-image\">\n<figure class=\"aligncenter size-large is-resized\"><img loading=\"lazy\" decoding=\"async\" width=\"1024\" height=\"682\" src=\"https:\/\/fiskoli.fi\/wp-content\/uploads\/2023\/01\/315001803_602427154993671_1609735693689514629_n-1024x682.jpg\" alt=\"\" class=\"wp-image-422\" style=\"aspect-ratio:1.5015316067947646;width:470px;height:auto\" srcset=\"https:\/\/fiskoli.fi\/wp-content\/uploads\/2023\/01\/315001803_602427154993671_1609735693689514629_n-1024x682.jpg 1024w, https:\/\/fiskoli.fi\/wp-content\/uploads\/2023\/01\/315001803_602427154993671_1609735693689514629_n-300x200.jpg 300w, https:\/\/fiskoli.fi\/wp-content\/uploads\/2023\/01\/315001803_602427154993671_1609735693689514629_n-768x511.jpg 768w, https:\/\/fiskoli.fi\/wp-content\/uploads\/2023\/01\/315001803_602427154993671_1609735693689514629_n.jpg 1239w\" sizes=\"auto, (max-width: 706px) 89vw, (max-width: 767px) 82vw, 740px\" \/><\/figure>\n<\/div>\n\n\n<p><\/p>\n","protected":false},"excerpt":{"rendered":"<p>Bistro Verde on 1.5.-3.5 suljettu &#8211; toinen ravintolamme Ainola Kustavi palvelee koko vapun osoitteessa Kivimaantie 24 ToukokuuBistro Verde palvelee Lauantaisin 12-19ja \u00e4itienp\u00e4iv\u00e4n\u00e4 10.5 klo 12-17.Keitti\u00f6 sulkeutuu 1\/2 tuntia ennen Kysy tapahtumasta, ryhm\u00e4tilauksesta tai varaa p\u00f6yt\u00e4+35840 6832265bistroverdekustavi@gmail.comKivimaantie 11, Kustavi Y-2977815-8Fiskoli Ay<\/p>\n","protected":false},"author":1,"featured_media":0,"parent":0,"menu_order":0,"comment_status":"closed","ping_status":"closed","template":"","meta":{"footnotes":""},"class_list":["post-439","page","type-page","status-publish","hentry"],"_links":{"self":[{"href":"https:\/\/fiskoli.fi\/Bistroverde\/wp-json\/wp\/v2\/pages\/439","targetHints":{"allow":["GET"]}}],"collection":[{"href":"https:\/\/fiskoli.fi\/Bistroverde\/wp-json\/wp\/v2\/pages"}],"about":[{"href":"https:\/\/fiskoli.fi\/Bistroverde\/wp-json\/wp\/v2\/types\/page"}],"author":[{"embeddable":true,"href":"https:\/\/fiskoli.fi\/Bistroverde\/wp-json\/wp\/v2\/users\/1"}],"replies":[{"embeddable":true,"href":"https:\/\/fiskoli.fi\/Bistroverde\/wp-json\/wp\/v2\/comments?post=439"}],"version-history":[{"count":171,"href":"https:\/\/fiskoli.fi\/Bistroverde\/wp-json\/wp\/v2\/pages\/439\/revisions"}],"predecessor-version":[{"id":1698,"href":"https:\/\/fiskoli.fi\/Bistroverde\/wp-json\/wp\/v2\/pages\/439\/revisions\/1698"}],"wp:attachment":[{"href":"https:\/\/fiskoli.fi\/Bistroverde\/wp-json\/wp\/v2\/media?parent=439"}],"curies":[{"name":"wp","href":"https:\/\/api.w.org\/{rel}","templated":true}]}}