{"id":401,"date":"2023-01-31T08:44:50","date_gmt":"2023-01-31T08:44:50","guid":{"rendered":"http:\/\/fiskoli.fi\/Bistroverde\/?page_id=401"},"modified":"2026-01-28T14:26:41","modified_gmt":"2026-01-28T14:26:41","slug":"uusi-ihana-paikka-kustavin-keskustassa","status":"publish","type":"page","link":"https:\/\/fiskoli.fi\/Bistroverde\/","title":{"rendered":""},"content":{"rendered":"\n<div class=\"wp-block-group alignfull\"><div class=\"wp-block-group__inner-container is-layout-flow wp-block-group-is-layout-flow\">\n<div class=\"wp-block-group has-mono-1-background-color has-background\" style=\"margin-top:0;margin-bottom:0;padding-top:0;padding-right:0;padding-bottom:0;padding-left:0\"><div class=\"wp-block-group__inner-container is-layout-flow wp-block-group-is-layout-flow\">\n<div class=\"wp-block-cover is-light\" style=\"padding-top:var(--wp--preset--spacing--superbspacing-xlarge);padding-right:0;padding-bottom:var(--wp--preset--spacing--superbspacing-xlarge);padding-left:0;min-height:901px;aspect-ratio:unset;\"><img loading=\"lazy\" decoding=\"async\" width=\"768\" height=\"1024\" class=\"wp-block-cover__image-background wp-image-1503 size-large\" alt=\"\" src=\"https:\/\/fiskoli.fi\/wp-content\/uploads\/2026\/01\/77FE4FFE-5A1B-4419-BD87-6656ECF0049D-768x1024.jpg\" style=\"object-position:53% 41%\" data-object-fit=\"cover\" data-object-position=\"53% 41%\" srcset=\"https:\/\/fiskoli.fi\/wp-content\/uploads\/2026\/01\/77FE4FFE-5A1B-4419-BD87-6656ECF0049D-768x1024.jpg 768w, https:\/\/fiskoli.fi\/wp-content\/uploads\/2026\/01\/77FE4FFE-5A1B-4419-BD87-6656ECF0049D-225x300.jpg 225w, https:\/\/fiskoli.fi\/wp-content\/uploads\/2026\/01\/77FE4FFE-5A1B-4419-BD87-6656ECF0049D-1152x1536.jpg 1152w, https:\/\/fiskoli.fi\/wp-content\/uploads\/2026\/01\/77FE4FFE-5A1B-4419-BD87-6656ECF0049D-1536x2048.jpg 1536w, https:\/\/fiskoli.fi\/wp-content\/uploads\/2026\/01\/77FE4FFE-5A1B-4419-BD87-6656ECF0049D-scaled.jpg 1920w\" sizes=\"auto, (max-width: 706px) 89vw, (max-width: 767px) 82vw, 740px\" \/><span aria-hidden=\"true\" class=\"wp-block-cover__background has-background-dim-40 has-background-dim\" style=\"background-color:#a48573\"><\/span><div class=\"wp-block-cover__inner-container is-layout-flow wp-block-cover-is-layout-flow\">\n<div class=\"wp-block-group\" style=\"padding-top:0;padding-right:var(--wp--preset--spacing--superbspacing-small);padding-bottom:0;padding-left:var(--wp--preset--spacing--superbspacing-small)\"><div class=\"wp-block-group__inner-container is-layout-constrained wp-container-core-group-is-layout-ff832411 wp-block-group-is-layout-constrained\">\n<div class=\"wp-block-group is-content-justification-center\" style=\"margin-top:0;margin-bottom:0\"><div class=\"wp-block-group__inner-container is-layout-constrained wp-container-core-group-is-layout-55a413eb wp-block-group-is-layout-constrained\">\n<p class=\"has-text-align-center has-text-color has-superbfont-xxlarge-font-size\" style=\"color:#fdfdfd\">TUORETTA KALAA<\/p>\n\n\n\n<p class=\"has-text-align-center has-text-color has-superbfont-small-font-size\" style=\"color:#fdfdfd;margin-bottom:var(--wp--preset--spacing--superbspacing-small)\">Meilt\u00e4 saat tuoreet paikalliset kalat, ihanat salaatit, pihvit, ribsit ja paljon muuta.<\/p>\n<\/div><\/div>\n<\/div><\/div>\n<\/div><\/div>\n<\/div><\/div>\n\n\n\n<div class=\"wp-block-group alignfull has-mono-4-background-color has-background\" style=\"margin-top:0;margin-bottom:0;padding-top:var(--wp--preset--spacing--superbspacing-large);padding-right:var(--wp--preset--spacing--superbspacing-small);padding-bottom:var(--wp--preset--spacing--superbspacing-large);padding-left:var(--wp--preset--spacing--superbspacing-small)\"><div class=\"wp-block-group__inner-container is-layout-constrained wp-container-core-group-is-layout-cd6834d0 wp-block-group-is-layout-constrained\">\n<div class=\"wp-block-columns alignwide is-layout-flex wp-container-core-columns-is-layout-95ad091b wp-block-columns-is-layout-flex\">\n<div class=\"wp-block-column is-vertically-aligned-center is-layout-flow wp-block-column-is-layout-flow\" style=\"padding-top:0;padding-right:0;padding-bottom:0;padding-left:0\">\n<div class=\"wp-block-group\"><div class=\"wp-block-group__inner-container is-layout-flow wp-block-group-is-layout-flow\">\n<h3 class=\"wp-block-heading has-text-align-left has-superbfont-xlarge-font-size\" style=\"line-height:1.2\">KALAA KUSTAVIN VESILT\u00c4<\/h3>\n\n\n\n<p class=\"has-mono-2-color has-text-color has-link-color wp-elements-0d91d02955c2d1ed93a2cf5fc42b2b2e\">Meid\u00e4t tunnetaan erinomaisista kastikkeista, ihan parhaasta kuhasta, l\u00e4mpim\u00e4st\u00e4 tunnelmasta ja palvelusta. Panostamme erityisesti tuoreeseen paikalliseen kalaan. Kalat saamme suoraan Kustavilaiselta kalastaja Aleksi Nummelalta.<\/p>\n\n\n\n<p class=\"has-mono-2-color has-text-color has-link-color wp-elements-15f3e95adc23ee5dccc6732dd2e24750\"><\/p>\n<\/div><\/div>\n<\/div>\n\n\n\n<div class=\"wp-block-column is-vertically-aligned-center is-layout-flow wp-block-column-is-layout-flow\" style=\"padding-right:0;padding-bottom:0;padding-left:0\">\n<figure class=\"wp-block-image size-large has-custom-border\"><img loading=\"lazy\" decoding=\"async\" width=\"819\" height=\"1024\" src=\"https:\/\/fiskoli.fi\/wp-content\/uploads\/2026\/01\/Untitled-design-819x1024.jpg\" alt=\"\" class=\"wp-image-1493\" style=\"border-radius:0px\" srcset=\"https:\/\/fiskoli.fi\/wp-content\/uploads\/2026\/01\/Untitled-design-819x1024.jpg 819w, https:\/\/fiskoli.fi\/wp-content\/uploads\/2026\/01\/Untitled-design-240x300.jpg 240w, https:\/\/fiskoli.fi\/wp-content\/uploads\/2026\/01\/Untitled-design-768x960.jpg 768w, https:\/\/fiskoli.fi\/wp-content\/uploads\/2026\/01\/Untitled-design.jpg 1080w\" sizes=\"auto, (max-width: 706px) 89vw, (max-width: 767px) 82vw, 740px\" \/><\/figure>\n<\/div>\n<\/div>\n<\/div><\/div>\n\n\n\n<div class=\"wp-block-group alignfull\" style=\"margin-top:0;margin-bottom:0;padding-top:var(--wp--preset--spacing--superbspacing-large);padding-right:var(--wp--preset--spacing--superbspacing-small);padding-bottom:var(--wp--preset--spacing--superbspacing-large);padding-left:var(--wp--preset--spacing--superbspacing-small)\"><div class=\"wp-block-group__inner-container is-layout-constrained wp-container-core-group-is-layout-81f4f65f wp-block-group-is-layout-constrained\">\n<figure class=\"wp-block-image alignwide size-full\"><img loading=\"lazy\" decoding=\"async\" width=\"1179\" height=\"730\" src=\"https:\/\/fiskoli.fi\/wp-content\/uploads\/2026\/01\/IMG_8340.jpg\" alt=\"\" class=\"wp-image-1566\" srcset=\"https:\/\/fiskoli.fi\/wp-content\/uploads\/2026\/01\/IMG_8340.jpg 1179w, https:\/\/fiskoli.fi\/wp-content\/uploads\/2026\/01\/IMG_8340-300x186.jpg 300w, https:\/\/fiskoli.fi\/wp-content\/uploads\/2026\/01\/IMG_8340-1024x634.jpg 1024w, https:\/\/fiskoli.fi\/wp-content\/uploads\/2026\/01\/IMG_8340-768x476.jpg 768w\" sizes=\"auto, (max-width: 706px) 89vw, (max-width: 767px) 82vw, 740px\" \/><\/figure>\n\n\n\n<h1 class=\"wp-block-heading has-text-align-center\">BISTRO VERDE KUSTAVI<\/h1>\n\n\n\n<div class=\"wp-block-columns alignwide is-layout-flex wp-container-core-columns-is-layout-95ad091b wp-block-columns-is-layout-flex\">\n<div class=\"wp-block-column is-vertically-aligned-center is-layout-flow wp-block-column-is-layout-flow\" style=\"padding-top:0;padding-right:0;padding-bottom:0;padding-left:0\">\n<div class=\"wp-block-group\"><div class=\"wp-block-group__inner-container is-layout-flow wp-block-group-is-layout-flow\">\n<p><\/p>\n\n\n\n<p><\/p>\n\n\n\n<p class=\"has-text-align-left has-mono-2-color has-text-color has-superbfont-small-font-size\">Ravintolamme on pieni ja viihtyis\u00e4, vanhan talon tyyli\u00e4 mukaillen sisustettu kokoontumispaikka kaikille alueen asukkaille, m\u00f6kkil\u00e4isille ja matkaajille. Bistro on rakkaudella luotu l\u00e4mminhenkinen ravintola jossa voit nauttia hyv\u00e4st\u00e4 ruoasta, juomasta ja tunnelmasta. Meill\u00e4 sinua on odotettu!<br><a href=\"https:\/\/fiskoli.fi\/Bistroverde\/juhlatila\/\" data-type=\"page\" data-id=\"1491\">Katso my\u00f6s juhlatilamme!<\/a><br><br><br><br>.<\/p>\n<\/div><\/div>\n<\/div>\n\n\n\n<div class=\"wp-block-column is-vertically-aligned-center is-layout-flow wp-block-column-is-layout-flow\" style=\"padding-right:0;padding-bottom:0;padding-left:0\">\n<figure class=\"wp-block-image size-large\"><img loading=\"lazy\" decoding=\"async\" width=\"770\" height=\"1024\" src=\"https:\/\/fiskoli.fi\/wp-content\/uploads\/2026\/01\/IMG_8337-770x1024.jpg\" alt=\"\" class=\"wp-image-1528\" style=\"aspect-ratio:0.751983032873807\" srcset=\"https:\/\/fiskoli.fi\/wp-content\/uploads\/2026\/01\/IMG_8337-770x1024.jpg 770w, https:\/\/fiskoli.fi\/wp-content\/uploads\/2026\/01\/IMG_8337-226x300.jpg 226w, https:\/\/fiskoli.fi\/wp-content\/uploads\/2026\/01\/IMG_8337-768x1021.jpg 768w, https:\/\/fiskoli.fi\/wp-content\/uploads\/2026\/01\/IMG_8337-1156x1536.jpg 1156w, https:\/\/fiskoli.fi\/wp-content\/uploads\/2026\/01\/IMG_8337.jpg 1179w\" sizes=\"auto, (max-width: 706px) 89vw, (max-width: 767px) 82vw, 740px\" \/><\/figure>\n<\/div>\n<\/div>\n<\/div><\/div>\n<\/div><\/div>\n","protected":false},"excerpt":{"rendered":"<p>KALAA KUSTAVIN VESILT\u00c4 Meid\u00e4t tunnetaan erinomaisista kastikkeista, ihan parhaasta kuhasta, l\u00e4mpim\u00e4st\u00e4 tunnelmasta ja palvelusta. Panostamme erityisesti tuoreeseen paikalliseen kalaan. Kalat saamme suoraan Kustavilaiselta kalastaja Aleksi Nummelalta. BISTRO VERDE KUSTAVI Ravintolamme on pieni ja viihtyis\u00e4, vanhan talon tyyli\u00e4 mukaillen sisustettu kokoontumispaikka kaikille alueen asukkaille, m\u00f6kkil\u00e4isille ja matkaajille. Bistro on rakkaudella luotu l\u00e4mminhenkinen ravintola jossa voit nauttia &hellip; <\/p>\n<p class=\"link-more\"><a href=\"https:\/\/fiskoli.fi\/Bistroverde\/\" class=\"more-link\">Jatka lukemista<span class=\"screen-reader-text\"> &#8221;&#8221;<\/span><\/a><\/p>\n","protected":false},"author":1,"featured_media":0,"parent":365,"menu_order":0,"comment_status":"closed","ping_status":"closed","template":"","meta":{"footnotes":""},"class_list":["post-401","page","type-page","status-publish","hentry"],"_links":{"self":[{"href":"https:\/\/fiskoli.fi\/Bistroverde\/wp-json\/wp\/v2\/pages\/401","targetHints":{"allow":["GET"]}}],"collection":[{"href":"https:\/\/fiskoli.fi\/Bistroverde\/wp-json\/wp\/v2\/pages"}],"about":[{"href":"https:\/\/fiskoli.fi\/Bistroverde\/wp-json\/wp\/v2\/types\/page"}],"author":[{"embeddable":true,"href":"https:\/\/fiskoli.fi\/Bistroverde\/wp-json\/wp\/v2\/users\/1"}],"replies":[{"embeddable":true,"href":"https:\/\/fiskoli.fi\/Bistroverde\/wp-json\/wp\/v2\/comments?post=401"}],"version-history":[{"count":102,"href":"https:\/\/fiskoli.fi\/Bistroverde\/wp-json\/wp\/v2\/pages\/401\/revisions"}],"predecessor-version":[{"id":1616,"href":"https:\/\/fiskoli.fi\/Bistroverde\/wp-json\/wp\/v2\/pages\/401\/revisions\/1616"}],"up":[{"embeddable":true,"href":"https:\/\/fiskoli.fi\/Bistroverde\/wp-json\/wp\/v2\/pages\/365"}],"wp:attachment":[{"href":"https:\/\/fiskoli.fi\/Bistroverde\/wp-json\/wp\/v2\/media?parent=401"}],"curies":[{"name":"wp","href":"https:\/\/api.w.org\/{rel}","templated":true}]}}