{"id":1622,"date":"2026-02-04T11:15:02","date_gmt":"2026-02-04T11:15:02","guid":{"rendered":"https:\/\/fiskoli.fi\/Bistroverde\/?page_id=1622"},"modified":"2026-02-04T11:18:31","modified_gmt":"2026-02-04T11:18:31","slug":"oiscoitalians","status":"publish","type":"page","link":"https:\/\/fiskoli.fi\/Bistroverde\/oiscoitalians\/","title":{"rendered":"Oiscoitalians"},"content":{"rendered":"\n<figure class=\"wp-block-image size-large\"><img loading=\"lazy\" decoding=\"async\" width=\"1024\" height=\"732\" src=\"https:\/\/fiskoli.fi\/wp-content\/uploads\/2026\/02\/image-1024x732.png\" alt=\"\" class=\"wp-image-1623\" srcset=\"https:\/\/fiskoli.fi\/wp-content\/uploads\/2026\/02\/image-1024x732.png 1024w, https:\/\/fiskoli.fi\/wp-content\/uploads\/2026\/02\/image-300x214.png 300w, https:\/\/fiskoli.fi\/wp-content\/uploads\/2026\/02\/image-768x549.png 768w, https:\/\/fiskoli.fi\/wp-content\/uploads\/2026\/02\/image-1536x1097.png 1536w, https:\/\/fiskoli.fi\/wp-content\/uploads\/2026\/02\/image.png 1600w\" sizes=\"auto, (max-width: 706px) 89vw, (max-width: 767px) 82vw, 740px\" \/><\/figure>\n\n\n<h2 class=\"wp-block-post-title\">Oiscoitalians<\/h2>\n\n\n<p><strong>Hej och v\u00e4lkommen till v\u00e5r sida! <\/strong><\/p>\n\n\n\n<p>\u00c4nda sen jag fick min f\u00f6rstaitalienare <a href=\"https:\/\/italiangreyhound.breedarchive.com\/animal\/view\/dervisch-quasi-magia-480d3343-47bd-41f3-b189-861b0ff1c171\" data-type=\"page\" data-id=\"30\">Lillan<\/a> (Dervisch Quasi Magia) \u00e5r 2009 har jag haft ett gott samarbete med Dan Gr\u00f6nlund, Kennel Dervisch. Den italienska vinthundens vackra linjer och elegans har jag hittat speciellt just i Dervisch italienare. Jag har l\u00e4rt mig mycket av de diskussioner jag f\u00e5tt ha om italienare och Dervischar med Dan! H\u00e4r en uppf\u00f6darintervju med Dan Gr\u00f6nlund p\u00e5 kennelns 40 -\u00e5rs jubileum 2021.<\/p>\n\n\n\n<div data-wp-interactive=\"core\/file\" class=\"wp-block-file\"><object data-wp-bind--hidden=\"!state.hasPdfPreview\" hidden class=\"wp-block-file__embed\" data=\"https:\/\/www.oiscoitalians.fi\/wp-content\/uploads\/Breeder-interview-with-D.-Gronlund-Dervisch.pdf\" type=\"application\/pdf\" style=\"width:100%;height:200px\" aria-label=\"Tiedoston Breeder interview with Gr\u00f6nlund Dervisch upotus.\"><\/object><a id=\"wp-block-file--media-e333be0b-bf5a-43b8-a735-76e22bc4746b\" href=\"https:\/\/www.oiscoitalians.fi\/wp-content\/uploads\/Breeder-interview-with-D.-Gronlund-Dervisch.pdf\">Breeder interview with Gr\u00f6nlund Dervisch<\/a><a href=\"https:\/\/www.oiscoitalians.fi\/wp-content\/uploads\/Breeder-interview-with-D.-Gronlund-Dervisch.pdf\" class=\"wp-block-file__button wp-element-button\" download aria-describedby=\"wp-block-file--media-e333be0b-bf5a-43b8-a735-76e22bc4746b\">Download<\/a><\/div>\n\n\n\n<p>Lillan fick sen Dervisch Euphoria, <a href=\"https:\/\/italiangreyhound.breedarchive.com\/animal\/view\/dervisch-euphoria-bcd88ccd-f295-489e-9db1-28699deb7c28\" data-type=\"page\" data-id=\"33\">Gaga<\/a> som v\u00e4n \u00e5r 2012. Lilla <a href=\"https:\/\/italiangreyhound.breedarchive.com\/animal\/view\/dervisch-spring-song-b25e5afa-5fe6-4439-94db-3842ab7945f9\" data-type=\"page\" data-id=\"1453\">Lilith<\/a> (Dervisch Spring Song) kom till oss 2019. Efter att Lillan l\u00e4mnade oss 2021, och efter att vi f\u00f6rlorade Olga 2025 och efter att Lilith flyttade till Pilhi, \u00e4r det nu bara Gaga som st\u00e5r f\u00f6r italienardelen av v\u00e5r flock. Sen bor h\u00e4r ocks\u00e5 tv\u00e5 fina pensionerade Chihuahuas. Lyckligtvis har vi kvar b\u00e5de Lillans och Gagas linjer i Ulla, Ilona, Jefe och Luca och Lucas barn.<\/p>\n\n\n\n<p>D\u00e5 Gagas dotter Olga fick en kull p\u00e5 4 (3+1) \u00e5r 2021 fick vi fina <a href=\"https:\/\/italiangreyhound.breedarchive.com\/animal\/view\/dervisch-serenissima-d729520d-0940-4bb1-a7ad-60d2b1eee0d7\" data-type=\"page\" data-id=\"1644\">Ulla<\/a> (Dervisch Serenissima) som bor hos min syster och vi hoppas hon v\u00e4xer upp till en frisk och klok italienare :).<br>Allt som allt \u00e4r vi allts\u00e5 3 i v\u00e5r flock.<\/p>\n\n\n\n<p>Jag samarbetar ocks\u00e5 med Kennel Top Runner&#8217;s och Brand Runner&#8217;s, Teija och Satu som har Euphorias d\u00f6ttrar fr\u00e5n hennes f\u00f6rsta kull, <a href=\"https:\/\/italiangreyhound.breedarchive.com\/animal\/view\/dervisch-you-make-me-feel-brand-new-1dbccdc3-436f-4c0d-9d04-ccf7156b92cd\">Iines<\/a> och <a href=\"https:\/\/italiangreyhound.breedarchive.com\/animal\/view\/dervisch-you-brought-the-sunshine-903e94db-5d14-4669-a85a-7d948825a0dc\" data-type=\"page\" data-id=\"1198\">Gerda<\/a>. V\u00e5ra fina pojkar <a href=\"https:\/\/italiangreyhound.breedarchive.com\/animal\/view\/top-runners-oisco-wauwau-52904de0-e906-4eb5-90bf-b8619c2eefd5\" data-type=\"page\" data-id=\"1311\">Luca<\/a>, <a href=\"https:\/\/italiangreyhound.breedarchive.com\/animal\/view\/dervisch-oisco-magic-8a2eac13-f935-4e1d-be14-f72a32e3f9b0\" data-type=\"page\" data-id=\"766\">Bj\u00f6rn<\/a> och <a href=\"https:\/\/italiangreyhound.breedarchive.com\/animal\/view\/aavatuulen-haloneol-3543c17e-1660-417c-917e-650f1e602677\" data-type=\"page\" data-id=\"1386\">Jefe <\/a>bor i \u00c5bo med Ainoliina och Jami. Teija har ocks\u00e5 underbara lilla <a href=\"https:\/\/italiangreyhound.breedarchive.com\/animal\/view\/oisco-aina-ilona-15cf3d7f-69f3-4954-aa89-c2d6794eeb95\" data-type=\"page\" data-id=\"1582\">Ilona<\/a>, Gerdas dotter.<\/p>\n\n\n\n<p><strong>Tervetuloa sivullemme!<br><\/strong>Yhteisty\u00f6, ihmiset ja uuden oppiminen &#8211; siin\u00e4 keskeisimm\u00e4t asiat, jotka motivoivat harrastamaan italianvinttikoiran kasvatusty\u00f6t\u00e4. Teen yhteisty\u00f6t\u00e4 Top Runner&#8217;s ja Brand Runner&#8217;s kennelien kanssa. Teijalla ja Satulla on Gagan ensimm\u00e4isen pentueen tytt\u00e4ret &#8211; Iines ja Gerda. Teijalla my\u00f6s Lillanin poika Bj\u00f6rn.<br>Uusin tulokas Oiscon porukkaan on Minnan upea <a href=\"https:\/\/italiangreyhound.breedarchive.com\/animal\/view\/greyout-aethera-246c7345-adf5-4d9f-bd29-0ea8b55de430\" data-type=\"page\" data-id=\"1869\">Golde<\/a>. On hienoa ett\u00e4 yhteisty\u00f6 Minnan kanssa n\u00e4in saa uuden alun <a href=\"https:\/\/italiangreyhound.breedarchive.com\/animal\/view\/oisco-tobetwo-6e2b6779-12c0-4694-bf97-9c227d3419b1\">Mirthen <\/a>poismenon j\u00e4lkeen. Golden alkutaipaletta opastaa my\u00f6s Minnan Bine, <a href=\"https:\/\/italiangreyhound.breedarchive.com\/animal\/view\/oisco-star-jammer-78c83b1d-0fd0-4b5d-a40c-6d76c4dfd912\" data-type=\"page\" data-id=\"732\">Oisco Star Jammer<\/a>.<br><\/p>\n\n\n\n<div data-wp-context=\"{ &quot;autoclose&quot;: false, &quot;accordionItems&quot;: [] }\" data-wp-interactive=\"core\/accordion\" role=\"group\" class=\"wp-block-accordion is-layout-flow wp-block-accordion-is-layout-flow\">\n<div data-wp-class--is-open=\"state.isOpen\" data-wp-context=\"{ &quot;id&quot;: &quot;accordion-item-1&quot;, &quot;openByDefault&quot;: false }\" data-wp-init=\"callbacks.initAccordionItems\" data-wp-on-window--hashchange=\"callbacks.hashChange\" class=\"wp-block-accordion-item is-layout-flow wp-block-accordion-item-is-layout-flow\">\n<h3 class=\"wp-block-accordion-heading\"><button aria-expanded=\"false\" aria-controls=\"accordion-item-1-panel\" data-wp-bind--aria-expanded=\"state.isOpen\" data-wp-on--click=\"actions.toggle\" data-wp-on--keydown=\"actions.handleKeyDown\" id=\"accordion-item-1\" class=\"wp-block-accordion-heading__toggle\"><span class=\"wp-block-accordion-heading__toggle-title\">Our Iggies<\/span><span class=\"wp-block-accordion-heading__toggle-icon\" aria-hidden=\"true\">+<\/span><\/button><\/h3>\n\n\n\n<div inert aria-labelledby=\"accordion-item-1\" data-wp-bind--inert=\"!state.isOpen\" id=\"accordion-item-1-panel\" role=\"region\" class=\"wp-block-accordion-panel is-layout-flow wp-block-accordion-panel-is-layout-flow\">\n<p><br>Girls<\/p>\n\n\n\n<p><a href=\"http:\/\/www.oiscoitalians.fi\/?page_id=33\">Dervisch Euphoria<\/a><br><a href=\"http:\/\/www.oiscoitalians.fi\/?page_id=1453\">Dervisch Spring Song<\/a><br><a href=\"http:\/\/www.oiscoitalians.fi\/?page_id=1644\">Dervisch Serenissima<\/a><\/p>\n\n\n\n<p>Top Runner\u2019s<br><a href=\"http:\/\/www.oiscoitalians.fi\/?page_id=1198\">Dervisch You Brought The Sunshine<\/a><br><a href=\"http:\/\/www.oiscoitalians.fi\/?page_id=1582\">Oisco Aina Ilona<\/a><\/p>\n\n\n\n<p>Boys<\/p>\n\n\n\n<p><a href=\"https:\/\/italiangreyhound.breedarchive.com\/animal\/view\/top-runners-oisco-wauwau-52904de0-e906-4eb5-90bf-b8619c2eefd5\">Top Runner&#8217;s Oisco Wauwau<br><\/a><a href=\"https:\/\/italiangreyhound.breedarchive.com\/animal\/view\/aavatuulen-haloneol-3543c17e-1660-417c-917e-650f1e602677\">Aavatuulen Haloneol<br><\/a><a href=\"https:\/\/italiangreyhound.breedarchive.com\/animal\/view\/dervisch-oisco-magic-8a2eac13-f935-4e1d-be14-f72a32e3f9b0\">Dervisch Oisco Magic<\/a><\/p>\n<\/div>\n<\/div>\n<\/div>\n\n\n\n<div data-wp-context=\"{ &quot;autoclose&quot;: false, &quot;accordionItems&quot;: [] }\" data-wp-interactive=\"core\/accordion\" role=\"group\" class=\"wp-block-accordion is-layout-flow wp-block-accordion-is-layout-flow\">\n<div data-wp-class--is-open=\"state.isOpen\" data-wp-context=\"{ &quot;id&quot;: &quot;accordion-item-2&quot;, &quot;openByDefault&quot;: false }\" data-wp-init=\"callbacks.initAccordionItems\" data-wp-on-window--hashchange=\"callbacks.hashChange\" class=\"wp-block-accordion-item is-layout-flow wp-block-accordion-item-is-layout-flow\">\n<h3 class=\"wp-block-accordion-heading\"><button aria-expanded=\"false\" aria-controls=\"accordion-item-2-panel\" data-wp-bind--aria-expanded=\"state.isOpen\" data-wp-on--click=\"actions.toggle\" data-wp-on--keydown=\"actions.handleKeyDown\" id=\"accordion-item-2\" class=\"wp-block-accordion-heading__toggle\"><span class=\"wp-block-accordion-heading__toggle-title\">Puppies<\/span><span class=\"wp-block-accordion-heading__toggle-icon\" aria-hidden=\"true\">+<\/span><\/button><\/h3>\n\n\n\n<div inert aria-labelledby=\"accordion-item-2\" data-wp-bind--inert=\"!state.isOpen\" id=\"accordion-item-2-panel\" role=\"region\" class=\"wp-block-accordion-panel is-layout-flow wp-block-accordion-panel-is-layout-flow\">\n<h1 class=\"wp-block-heading\"><\/h1>\n\n\n\n<p><\/p>\n\n\n\n<p>Italianvinttikoiran l\u00e4heisyyden kaipuu on kyltym\u00e4t\u00f6n, ja Italiaanoa voikin hyv\u00e4ll\u00e4 syyll\u00e4 kutsua seurakoiraksi \u2013 italiaanon kanssa et ole koskaan en\u00e4\u00e4 yksin. Italiaano on my\u00f6s hyvin vilkas ja tarvitsee tekemist\u00e4 voidakseen hyvin. Meill\u00e4 koirat pit\u00e4v\u00e4t muun muassa lenkkeilyst\u00e4, n\u00e4yttelyharjoittelusta, lelujen repimisest\u00e4, luista, m\u00f6kkeilyst\u00e4, yleisest\u00e4 tilanteen tarkkailusta, autoilusta, mets\u00e4styksest\u00e4\u2026<\/p>\n\n\n\n<p>Italiaano on monipuolinen rotu, jonka kanssa voi k\u00e4yd\u00e4 n\u00e4yttelyiss\u00e4, juoksemassa sek\u00e4 maastossa ett\u00e4 radalla, agilityss\u00e4 ja vaikka mummolassa\u00a0\ud83d\ude09\u00a0Italiaano haluaa kaiken huomiosi, eik\u00e4 my\u00f6sk\u00e4\u00e4n osoita hellyytt\u00e4 vain silloin, kun sin\u00e4 haluat, vaan valitsee itse, milloin siit\u00e4 silt\u00e4 tuntuu. Jos italiaano j\u00e4tet\u00e4\u00e4n huomiotta, se ei voi hyvin. T\u00e4m\u00e4 on hyv\u00e4 ajatella loppuun asti ennen pennun hankintaa \u2013 jos haluat koiran, joka viihtyy omissa oloissaan, kannattaa rotuvalintaa harkita uudelleen. Meill\u00e4 koirat k\u00e4yv\u00e4t halaamassa ja suukottelemassa noin tunnin v\u00e4lein. Italiaano on t\u00e4ss\u00e4 mieless\u00e4 sek\u00e4 \u00e4\u00e4rimm\u00e4isen antoisa mutta my\u00f6s todella vaativa rotu. Italiaanon hellyydenosoitusten torjuminen on laissa kielletty\u00e4\u00a0\ud83d\ude09<\/p>\n\n\n\n<p>Pennun hankinnan ajankohtaa on hyv\u00e4 mietti\u00e4 ajoissa, jotta sosiaalistamiseen ja laumautumiseen on tarpeeksi aikaa. Pentua ei voi aluksi j\u00e4tt\u00e4\u00e4 yksin (vaikka yksinolon opettelu aloitetaankin heti), ja siksi onkin hyv\u00e4, ett\u00e4 pentu otetaan esimerkiksi kes\u00e4lomalla tai niin, ett\u00e4 perheess\u00e4 on mahdollista pit\u00e4\u00e4 lomia per\u00e4j\u00e4lkeen.<\/p>\n\n\n\n<p>Italiaanon per\u00e4\u00e4n saa my\u00f6s katsoa erityisen paljon, varsinkin pentuaikana, jottei se telo itse\u00e4\u00e4n. Runsas liikunta turvallisissa paikoissa sek\u00e4 sis\u00e4ll\u00e4 hepuloimisen est\u00e4minen ovat my\u00f6s tapaturmia ennaltaehk\u00e4isevi\u00e4 v\u00e4ltt\u00e4m\u00e4tt\u00f6myyksi\u00e4. Italiaanon kehittym\u00e4tt\u00f6m\u00e4t luut ovat pehme\u00e4t ja alttiit tapaturmille. Nuoren koiran kehittym\u00e4tt\u00f6mien luiden kanssa saa olla extra-varovainen. Muuten Itskun kanssa elet\u00e4\u00e4n normaalia el\u00e4m\u00e4\u00e4.<\/p>\n\n\n\n<p>Sis\u00e4siisteysongelmat ovat yleisesti pienikokoisten koirien ongelma. Italianvinttikoiran sis\u00e4siisteysopetus tuntuu kest\u00e4v\u00e4n moneen muuhun rotuun verrattuna kauemmin. Omistajan on oltava opetuksessa hyvin viitseli\u00e4s ja sinnik\u00e4s; italianvintkoira voi tuulisella tai kylm\u00e4ll\u00e4 ilmalla mieluummin pid\u00e4tell\u00e4 kuin tehd\u00e4 tarpeensa ulos. Todenn\u00e4k\u00f6isesti kyse ei ole koiran pid\u00e4tyskyvyn ongelmasta, vaan pikemminkin henkisest\u00e4 syyst\u00e4 (koiran mukavuudenhaluisuus). Isossa laumassa sis\u00e4siisteysongelmat saattavat korostua; iso koiralauma tai sekalauma (samassa perheess\u00e4 uroksia ja narttuja) voivat lis\u00e4t\u00e4 merkkailun tarvetta. (Jalostuksen tavoiteohjelma 2022\u20132026, s. 26)<\/p>\n\n\n\n<p>Otathan aina pennullesi vakuutuksen!<\/p>\n\n\n\n<p>Italiaano ei ole h\u00e4kkiel\u00e4in. Koiran voi laittaa h\u00e4kkiin automatkalla, tai kun se on sairas, tai jos sen oma turvallisuus tai paraneminen sit\u00e4 vaatii, tai kun se on lennolla tai n\u00e4yttelyss\u00e4 lev\u00e4tess\u00e4\u00e4n. Koiraa ei saa erist\u00e4\u00e4 huoneisiin pitkiksi ajoiksi tai rutiininomaisesti. Kotona voi hyvin olla esimerkiksi kevyth\u00e4kki \u2013 koira tykk\u00e4\u00e4 makailla omassa pes\u00e4ss\u00e4\u00e4n, kunhan ovi on auki :).<\/p>\n\n\n\n<h1 class=\"wp-block-heading\">Terveydest\u00e4<\/h1>\n\n\n\n<p>Lue Italiaanolla yleisesti esiintyvist\u00e4 sairauksista (erityisesti silm\u00e4ongelmista, patellaluksaatiosta, epilepsiasta sek\u00e4 raajojen murtumista)&nbsp;yhdistyksen&nbsp;<a href=\"https:\/\/jalostus.kennelliitto.fi\/RotuPDF.ashx?R=200&amp;T=2\">Jalostuksen tavoiteohjelmasta<\/a>.<br>Samaisessa tavoiteohjelmassa kerrotaan my\u00f6s rodun historiasta niin maailmalla kuin Suomessakin.<\/p>\n\n\n\n<p>Hy\u00f6dyllist\u00e4 terveystietoa saat my\u00f6s yhdistyksen&nbsp;<a href=\"https:\/\/www.sicry.fi\/terveys-ja-jalostus-italiaanot\" target=\"_blank\" rel=\"noreferrer noopener\">nettisivulta<\/a>. Sivuilla on paljon tietoa italiaanosta, terveydest\u00e4, harrastamisesta ja pentueista.<\/p>\n\n\n\n<p><strong>T\u00e4ss\u00e4 ote yhdistyksen sivulta:<\/strong><\/p>\n\n\n\n<p><strong>Raajojen murtumat<\/strong><br>Raajojen murtumat ovat italianvinttikoirilla valitettavan yleisi\u00e4. Vuoden 2016 terveyskyselyn mukaan 14,6 % koirista oli raajamurtuma (toinen etujalka 85 %, molemmat etujalat 10 %, toinen takajalka 5 %). Kysely osoitti, ett\u00e4 murtumat olivat yleisimpi\u00e4 nuorella, alle 24kk ik\u00e4isell\u00e4 italianvinttikoiralla, joiden osuus oli 81 % raajansa murtaneista (2-6 kk 26 %; 6-12 kk 26 %; 12-24 kk 29 %). 11,9 prosentilla sama jalka oli murtunut uudelleen.<\/p>\n\n\n\n<p>Toistaiseksi ei ole olemassa tutkittua tietoa, ovatko raajojen murtumat perinn\u00f6llisi\u00e4 ja liittyyk\u00f6 raajojen murtumiin esimerkiksi heikot luut tai normaalia heikompi luuntiheys. Italianvinttikoiran kevyt raajarakenne, suorat ja joustamattomat etuosat sek\u00e4 pitk\u00e4t eturaajat altistanevat kuitenkin murtumille ja raajojen katkeamisille. Suosituksena on, ett\u00e4 kasvattajat kiinnitt\u00e4v\u00e4t huomiota jalostuskoiriensa luuston vahvuuteen.<\/p>\n<\/div>\n<\/div>\n<\/div>\n\n\n\n<div data-wp-context=\"{ &quot;autoclose&quot;: false, &quot;accordionItems&quot;: [] }\" data-wp-interactive=\"core\/accordion\" role=\"group\" class=\"wp-block-accordion is-layout-flow wp-block-accordion-is-layout-flow\">\n<div data-wp-class--is-open=\"state.isOpen\" data-wp-context=\"{ &quot;id&quot;: &quot;accordion-item-3&quot;, &quot;openByDefault&quot;: false }\" data-wp-init=\"callbacks.initAccordionItems\" data-wp-on-window--hashchange=\"callbacks.hashChange\" class=\"wp-block-accordion-item is-layout-flow wp-block-accordion-item-is-layout-flow\">\n<h3 class=\"wp-block-accordion-heading\"><button aria-expanded=\"false\" aria-controls=\"accordion-item-3-panel\" data-wp-bind--aria-expanded=\"state.isOpen\" data-wp-on--click=\"actions.toggle\" data-wp-on--keydown=\"actions.handleKeyDown\" id=\"accordion-item-3\" class=\"wp-block-accordion-heading__toggle\"><span class=\"wp-block-accordion-heading__toggle-title\">Yhteystiedot<\/span><span class=\"wp-block-accordion-heading__toggle-icon\" aria-hidden=\"true\">+<\/span><\/button><\/h3>\n\n\n\n<div inert aria-labelledby=\"accordion-item-3\" data-wp-bind--inert=\"!state.isOpen\" id=\"accordion-item-3-panel\" role=\"region\" class=\"wp-block-accordion-panel is-layout-flow wp-block-accordion-panel-is-layout-flow\">\n<p><em><strong>Kattis Honkanen<br><a href=\"https:\/\/italiangreyhound.breedarchive.com\/breeder\/oisco\">Oisco Italians<\/a><\/strong><br>Taivassalo<br>kattishonkanen(at)gmail.com<br>+358 405238150<\/em><\/p>\n\n\n\n<p><em><strong>Teija Pajula<br>Top Runner\u2019s<\/strong><br>Uusikaupunki<br><\/em>teija.pajula(at)hotmail.com<br><em>+358 40 7722109<\/em><\/p>\n<\/div>\n<\/div>\n<\/div>\n\n\n<div class=\"wp-block-image is-resized\">\n<figure class=\"aligncenter\"><a href=\"http:\/\/www.oiscoitalians.fi\/wp-content\/uploads\/11030554-413497512160320-1766015442-o.jpg\"><img decoding=\"async\" src=\"http:\/\/www.oiscoitalians.fi\/wp-content\/uploads\/11030554-413497512160320-1766015442-o-300x217.jpg\" alt=\"\" class=\"wp-image-806\" style=\"aspect-ratio:1.3826669977650856;width:361px;height:auto\"\/><\/a><\/figure>\n<\/div>\n\n\n<p><strong><em><br><\/em><\/strong><\/p>\n","protected":false},"excerpt":{"rendered":"<p>Hej och v\u00e4lkommen till v\u00e5r sida! \u00c4nda sen jag fick min f\u00f6rstaitalienare Lillan (Dervisch Quasi Magia) \u00e5r 2009 har jag haft ett gott samarbete med Dan Gr\u00f6nlund, Kennel Dervisch. Den italienska vinthundens vackra linjer och elegans har jag hittat speciellt just i Dervisch italienare. Jag har l\u00e4rt mig mycket av de diskussioner jag f\u00e5tt ha &hellip; <\/p>\n<p class=\"link-more\"><a href=\"https:\/\/fiskoli.fi\/Bistroverde\/oiscoitalians\/\" class=\"more-link\">Jatka lukemista<span class=\"screen-reader-text\"> &#8221;Oiscoitalians&#8221;<\/span><\/a><\/p>\n","protected":false},"author":1,"featured_media":0,"parent":0,"menu_order":0,"comment_status":"closed","ping_status":"closed","template":"","meta":{"footnotes":""},"class_list":["post-1622","page","type-page","status-publish","hentry"],"_links":{"self":[{"href":"https:\/\/fiskoli.fi\/Bistroverde\/wp-json\/wp\/v2\/pages\/1622","targetHints":{"allow":["GET"]}}],"collection":[{"href":"https:\/\/fiskoli.fi\/Bistroverde\/wp-json\/wp\/v2\/pages"}],"about":[{"href":"https:\/\/fiskoli.fi\/Bistroverde\/wp-json\/wp\/v2\/types\/page"}],"author":[{"embeddable":true,"href":"https:\/\/fiskoli.fi\/Bistroverde\/wp-json\/wp\/v2\/users\/1"}],"replies":[{"embeddable":true,"href":"https:\/\/fiskoli.fi\/Bistroverde\/wp-json\/wp\/v2\/comments?post=1622"}],"version-history":[{"count":15,"href":"https:\/\/fiskoli.fi\/Bistroverde\/wp-json\/wp\/v2\/pages\/1622\/revisions"}],"predecessor-version":[{"id":1639,"href":"https:\/\/fiskoli.fi\/Bistroverde\/wp-json\/wp\/v2\/pages\/1622\/revisions\/1639"}],"wp:attachment":[{"href":"https:\/\/fiskoli.fi\/Bistroverde\/wp-json\/wp\/v2\/media?parent=1622"}],"curies":[{"name":"wp","href":"https:\/\/api.w.org\/{rel}","templated":true}]}}